ative of -s**6/360 - s**5/12 - 11*s**4/24 - 32*s**3/3 - 101*s**2. Let v(o) be the first derivative of a(o). Determine v(-9).
-2
Let f(u) = -u**3 - 2*u**2 + 2. Let n(s) = -2*s + 37. Let h be n(11). Suppose 8*a + 245 = h*a. Suppose -5*r = 4*o - 9*o - a, -4*r + 19 = -o. Give f(o).
11
Let d(x) = x**2 - x. Suppose 61*g = 59*g + 58. Suppose -44 - 14 = g*z. Give d(z).
6
Let j(q) = -5 - 2 + 4*q**2 + 3*q + q**3 - 2*q**3. Let w(g) = -g**2 - 9*g - 14. Let v be w(-2). Suppose v = 19*c - 24*c + 25. Give j(c).
-17
Suppose 445 = 198*b - 109*b. Let j(x) = 5*x - 23. Determine j(b).
2
Let i(y) = y**2 - 30*y + 181. Let f be 8*(3/(-60)*1)/(100/(-4750)). Calculate i(f).
-28
Let n(b) = -3*b**3 + 33*b**2 - b - 47*b**2 + 2 + 2*b**3 + 2*b**3 + 18*b**2. Suppose 5*f + o + 15 = 0, -o + 9 = 4*f + 4*o. Determine n(f).
6
Let p(s) be the first derivative of -s**4/8 + s**3 - 31*s**2 - 67. Let d(m) be the second derivative of p(m). Determine d(5).
-9
Suppose -13*p - 18 = -11*p. Let o(t) = t**3 + 10*t**2 + 11*t + 21. Let h be o(p). Let m(q) = -5*q**3 - 1 - 7*q**h + 11*q**3 - q. Give m(0).
-1
Let p(b) = 60*b - 2. Let h(v) = 117*v - 2. Let i(j) = -3*h(j) + 5*p(j). Determine i(-2).
98
Let s(l) = -2*l - 14. Let z be (((-325)/15)/13)/(-2 + (-14)/(-6)). Determine s(z).
-4
Let p(i) = 2 - 8*i + 0 + 1. Suppose 13*y - 9*y - 6 = 5*s, -6*s + 2*y + 4 = 0. What is p(s)?
-13
Let m(r) = -r**2 + r. Let c(a) = -2*a**2 - 7*a + 3. Let o(t) = -c(t) + 3*m(t). Suppose -309*s + 922 + 1274 = -65*s. What is o(s)?
6
Suppose -38 = -2*h + 4*c, 65 = 3*h - 3*c + 2. Suppose -163 = h*s - 25. Let r(q) = -q**3 - 7*q**2 - 6*q - 4. Give r(s).
-4
Let m = 22242 - 22314. Let s(o) = -14*o - 1010. What is s(m)?
-2
Let c(u) = -u**3 - 7*u**2 + 21*u - 15. Suppose -3*t + 673 - 684 = 2*n, -n = -8. Determine c(t).
-42
Let n(v) = 4627 - 2281 - v**2 - v**2 - 2321 - 18*v. Calculate n(-11).
-19
Let w(q) be the first derivative of q**4/4 + q**3 - 3*q - 947. What is w(-2)?
1
Let y(u) = u**3 + 4*u**2 - 10*u + 80. Let z be y(-7). Let p(k) = k**2 - 8*k. What is p(z)?
-15
Let k(y) be the first derivative of y**3/3 - 6*y**2 - 4*y - 789. Give k(11).
-15
Let k(l) be the second derivative of l**4/12 + 2*l**3/3 - 11*l**2 - 2335*l. Determine k(5).
23
Let j be 10*(-1)/(-4)*2. Suppose j*k = -959 + 3649. Let b(m) = -k + 538 + 2*m. What is b(1)?
2
Let r(l) = -l**3 + 8*l**2 + 31*l + 25. Let j be r(11). Suppose -3*v + 12 = -3*y, -j*v + 5*y - 7*y + 7 = 0. Let s(o) = -o**3 + 7*o**2 - o - 4. What is s(v)?
29
Suppose 5*l - 2*h + 21 = -h, h = -5*l - 19. Let q(f) = 13*f - 1. Let u(n) = 32*n - 3. Let s(b) = 5*q(b) - 2*u(b). Determine s(l).
-3
Let o(p) = 6*p + 11. Let z be o(11). Let m = z + -69. Suppose -12 + 52 = m*i. Let s(x) = -3*x + 7. Give s(i).
-8
Suppose -8 - 2 = -y - 4*j, 0 = y - 4*j + 22. Let l be (9 - 2)*(3 + -6 - -4). Let c(s) = -2 + 38*s**2 - l*s + 4 - 39*s**2. What is c(y)?
8
Let o(x) be the second derivative of x**3/3 + 10*x**2 + 1336*x. Calculate o(-22).
-24
Let i = -435 + 540. Let l be ((-1)/(-3))/(7/i*-1). Let a(c) = 3*c**3 + 5*c**2 + c**2 + 7 + 6*c - 2*c**3. Give a(l).
2
Let h(y) = 6*y**2 - 28*y - 4. Let l(k) = 5*k**2 - 23*k - 6. Let g(c) = 4*h(c) - 5*l(c). Give g(-8).
-74
Let q(j) = -185*j - j**3 + 1 - 189*j + 373*j. Let f(a) = -5*a**3 - 13*a**2 - 15*a + 3. Let m(v) = -f(v) + 4*q(v). Give m(-12).
13
Let u(q) = -12*q**2 - 6*q - 1. Let o(j) = 31*j**2 + 16*j + 6. Let m(c) = -3*o(c) - 8*u(c). Calculate m(-5).
65
Let g(a) be the third derivative of -a**5/60 - a**4/8 - 2*a**3/3 + a**2. Let w = 3577 + -3583. Give g(w).
-22
Let n(g) = 309*g - 80*g - 78*g - 82*g + 19 - 71*g. Calculate n(5).
9
Let s(u) = u. Let l be (2/6 - 14/6) + -7. Let r(d) = 3*d**2 + 28*d + 7. Let z be r(l). Determine s(z).
-2
Let y(z) be the third derivative of -z**4/24 - z**3/6 + 26*z**2 + 2*z. Let q = 1 + -4. Let r(l) = l + 2. Let n(o) = q*y(o) - r(o). Calculate n(-2).
-3
Let w(a) = a**2 - 10. Let s be 5/2 + 11/110*25. Suppose 0 = -3*u - 4*j, 0 = -s*u + u - 4*j. Calculate w(u).
-10
Let z be 1 - -48*28/(-8). Let n = 122 + z. Let u be n/(-10)*-2 + 5. Let s(b) = -3*b - 5. Calculate s(u).
7
Let v(o) = -15*o + 3*o**2 - 30 - 171*o**3 + 51*o**3 + 11 + 121*o**3. Calculate v(-6).
-37
Suppose 70 = 3*p - 4*m, 0 = -11*p + 7*p - 5*m + 52. Let d(b) = -p + b + 6 + 13. Give d(-2).
-1
Let h(t) be the third derivative of -t**4/12 + 17*t**3/6 + 5278*t**2. Determine h(-16).
49
Suppose -12*c = k - 90, 24*k + 6 = 3*c + 27*k. Let b(h) = -h**3 + 9*h**2 + 9*h - 12. Give b(c).
124
Suppose w - 31 = -5*t - 10, -2*t - 6 = -2*w. Suppose 8*n - w*n = 30. Let z(a) = 2 + n*a + 4*a - 20*a + a**2. Determine z(3).
8
Let n(g) = 7*g + 4. Let d be n(-1). Let r be (-3)/((d - -1)*3/4). Let f(u) = 2650*u**2 - 2646*u**r + 5*u + 3*u - 2*u - u**3. Determine f(5).
5
Let s(f) = -27018*f - f**2 + 27027*f + 3 + 0 - 6. Let c = 59 - 51. What is s(c)?
5
Let o = 308 - 243. Let j(s) = 26*s - o - 42*s + 64. Give j(1).
-17
Let a(y) = -y**3 + 4*y**2 + 2*y - 1. Let u be a(4). Let d(j) be the second derivative of 5*j**2 + 137 - 2*j - 1/2*j**3. Determine d(u).
-11
Let t(d) = 12*d**2 + 1. Let k be -2 - 4/4*-6. Suppose -k*p = 2*w + 14, -w + 6 = -4*w - p. Calculate t(w).
13
Suppose 41 = 18*v - 49. Suppose 17 = v*n + 7. Let f(a) = -3*a**2 + 17. Let q(i) = -i**2 + 6. Let r(t) = 6*f(t) - 17*q(t). Determine r(n).
-4
Let k(m) be the third derivative of m**5/60 - 5*m**4/6 - 2*m**3/3 + 743*m**2. Determine k(18).
-40
Let h be 21849/(-21) - (-6)/14. Let d be (3/4)/((-20)/h). Let t = -44 + d. Let g(i) = i**3 + 4*i**2 - 5*i - 2. Give g(t).
-2
Let u(h) = -13*h + 15. Let t(g) = -g + 22. Let k(a) = -2*t(a) + u(a). Determine k(-2).
-7
Let f(i) = 27*i - 4*i - 2*i + 23*i**2 - 19 + i**3. Determine f(-22).
3
Let s(p) = -102*p + 3976. Let z be s(39). Let b(w) = -15*w**3 - 2*w**2 + w - 1. What is b(z)?
109
Suppose -452 = -2*f + 4*g, -2*f + 480 = 2*g + g. Suppose -l - f = -3*l. Let x(h) = l*h - 10 - 115*h + 1. Calculate x(6).
3
Let q = 24 + -9. Suppose 6*b - 11*b + 180 = 0. Let g be ((-20)/q)/(8/b). Let z(a) = -a**3 - 7*a**2 - 6*a - 4. Calculate z(g).
-4
Let b = 8234 - 8267. Let l(u) = 15*u + 502. Calculate l(b).
7
Let l be ((-52)/65)/(((-36)/(-75))/6) - -4. Let m(a) = -2*a**2 - 14*a - 14. Determine m(l).
-2
Suppose 0 = 84*r - 78*r - 1176. Let b = 190 - r. Let l(j) = -j**2 + j + 5. Calculate l(b).
-37
Let j(l) = l**3 + 4*l**2 - 3*l - 10. Suppose -1512 = 24*y - 28*y. Let f = 374 - y. Give j(f).
2
Let u(g) = 3*g**3 - 4368 - 2*g**3 + 3*g + 4358 - 6*g**2. Determine u(7).
60
Suppose -3*u + 6*u = 36. Let k be 38/u + ((-78)/36)/13. Let v(x) = -2. Let q(w) = w + 8. Let b(i) = -4*q(i) - 18*v(i). Calculate b(k).
-8
Let b(c) be the first derivative of 2*c**3/3 - 2*c**2 + 4*c + 1. Suppose 5*j = -0*j + 3*h + 7, -4*j + 5*h = -3. What is b(j)?
4
Let q be 91/35 + 3/(-5). Suppose 3*m = -q*x - 20, 51 - 11 = -4*x - 3*m. Let d(i) = i**2 + 10*i - 11. Determine d(x).
-11
Let p(c) be the first derivative of 20 + c**2 - 1/6*c**3 + 0*c**5 + 0*c**4 + 0*c + 1/60*c**6. Let o(w) be the second derivative of p(w). Give o(1).
1
Suppose o - 39 - 17 = 0. Let l(v) = 101 + v - o - 55. Let f be l(7). Let n(k) = 2*k**2 + 3*k + 1. What is n(f)?
10
Let a(x) = 79*x - 46. Let o(g) = 82*g - 54. Let l(q) = -7*a(q) + 6*o(q). What is l(-1)?
59
Let q = -2423 + 2438. Let r(n) be the first derivative of -q + 6*n + 4*n**2 + 1/3*n**3. What is r(-8)?
6
Suppose 2*i - 4*g - 23 = g, g = -i - 6. Let o(m) be the first derivative of 7*m**2/2 + m + 5. What is o(i)?
-6
Suppose 0*x + 3 = -3*x, 0 = 4*b + x - 27. Let j(c) = 3*c + b + 5 + 7 - 15. What is j(-6)?
-14
Let k(t) be the third derivative of -15*t**4/8 + t**3/3 + 3930*t**2. Determine k(3).
-133
Let h = -3764 - -3758. Let u(t) = -t**2 - 5*t + 10. What is u(h)?
4
Suppose 0 = -5*k + 16*k + 1056. Let i = k + 99. Let r(q) = q**3 - 5*q**2 + 4*q - 3. Calculate r(i).
-9
Let u(g) be the second derivative of 8*g**3 + 1/120*g**5 + 1/6*g**4 - 4*g + 0*g**2 + 0. Let s(c) be the second derivative of u(c). Determine s(-8).
-4
Let y(a) = -a**3 - 11*a**2 - 12*a - 13. Let l be 2/((-2 - (3 - 3)) + 3). Suppose -l*c + 100 = -12*c. Calculate y(c).
7
Let q(p) = -p**2 + 2*p + 10. Let x be (-2*(-282)/(-30))/((-1)/10). Let l = x - 183. What is q(l)?
-5
Let t be (0 + 4 - 10) + (3 - 1). Let x(q) = 2*q**2 + 8*q + 2. Let r be x(t). Let b(y) = -3*y - r*y + 9*y - 3. Give b(2).
5
Let f(r